t a(u) = -8*u - 72. Give a(-10).
8
Let z(x) = -32*x + 647. Give z(20).
7
Let o(y) = -y**3 - 5*y**2 + 6*y - 8. Determine o(-6).
-8
Let h(n) = n**3 - 7*n**2 + 3*n - 7. Give h(5).
-42
Let v(j) = -j + 26. What is v(0)?
26
Let f(t) = t - 15. Determine f(8).
-7
Let p(y) = y**3 + 7*y**2 + 3*y - 11. Give p(-6).
7
Let s(i) = -i**2 - 3*i + 1. Calculate s(2).
-9
Let h(z) = -4*z. Give h(-3).
12
Let n(u) = 14*u**3 - u**2 - u. Calculate n(-1).
-14
Let y(l) = -12*l + 34. What is y(8)?
-62
Let k(f) = f - 4. Give k(3).
-1
Let c(d) = -69*d + 352. Calculate c(5).
7
Let l(j) = -j**3 - 4*j**2 - j + 1. Give l(-3).
-5
Let v(y) = -y**3 + 22*y**2 - 3*y + 49. What is v(22)?
-17
Let l(w) = -w**2 + 7*w + 3. Give l(-2).
-15
Let f(a) = -3*a + 50. Give f(16).
2
Let m(d) = -d**3 + 8*d**2 - 7*d + 6. Determine m(7).
6
Let r(j) = 2*j**2 - 22*j + 14. What is r(10)?
-6
Let o(y) = y**3 + 10*y**2 + y + 31. Calculate o(-10).
21
Let b(m) = -m**3 - 4*m**2 - 2. Give b(-4).
-2
Let k(z) = z**3 - 15*z**2 + 6*z + 3. Determine k(15).
93
Let w(k) = 11*k + 38. What is w(-4)?
-6
Let t(r) = -2*r**2 - 6*r - 2. Calculate t(-5).
-22
Let b(q) = -2*q**2 + 52*q - 3. Give b(26).
-3
Let u(f) = 2*f - 10. What is u(12)?
14
Let q(j) = j**2 + 5*j - 2. What is q(-5)?
-2
Let f(k) = 3*k**3 + k**2 - 2*k - 2. Give f(-2).
-18
Let v(f) = -f**2 - 3*f - 9. Give v(-4).
-13
Let r(k) = k - 2. Determine r(6).
4
Let p(v) = -v**3 + v**2 + 6*v - 14. Determine p(3).
-14
Let v(y) = 6*y - 15. What is v(7)?
27
Let f(l) = 2*l**3 - 13*l**2 + 6*l - 5. Give f(6).
-5
Let m(a) = a**3 - 19*a**2 + 2*a - 45. What is m(19)?
-7
Let f(k) = -2*k - 11. Calculate f(5).
-21
Let q(u) = u**2 - 23*u + 58. Calculate q(12).
-74
Let i(b) = 3*b**2 + b + 2. Give i(-2).
12
Let b(t) = -22*t - 2. What is b(1)?
-24
Let u(z) = 3*z**2 + 1. Give u(3).
28
Let c(x) = -38*x + 757. What is c(20)?
-3
Let d(j) = j**3 + 21*j**2 - 22*j + 9. Calculate d(-22).
9
Let x(q) = -5*q - 70. Calculate x(-13).
-5
Let k(h) = -h**3 + 9*h**2 - 10*h + 9. Give k(7).
37
Let d(b) = -4*b**2 + 10*b + 8. What is d(4)?
-16
Let s(c) = -3*c - 17. Calculate s(-10).
13
Let k(z) = -z**3 + 11*z**2 - 21*z + 19. Determine k(8).
43
Let g(j) = -2*j - 22. What is g(-12)?
2
Let o(w) = 12*w + 10. Calculate o(5).
70
Let p(w) = 9*w + 57. Give p(-5).
12
Let c(w) = -w**2 + 17*w + 198. What is c(25)?
-2
Let m(t) = -t**3 - 3*t**2 - 3*t - 10. Calculate m(-3).
-1
Let b(m) = 2*m - 39. Determine b(8).
-23
Let x(c) = -2*c**2 + 14*c - 8. What is x(6)?
4
Let a(k) = 48*k - 1. Calculate a(1).
47
Let t(n) = -5*n**2 - n - 3. Give t(-3).
-45
Let y(f) = -f**2 + 7*f. What is y(6)?
6
Let q(k) = 81*k - 565. Determine q(7).
2
Let h(n) = -4*n - 4. Give h(5).
-24
Let m(w) = -w**2 - 8*w - 13. Calculate m(-10).
-33
Let v(b) = -8*b - 35. What is v(-9)?
37
Let b(f) = -9*f**3 + f**2 - 2*f + 2. Calculate b(1).
-8
Let o(y) = y - 46. Calculate o(15).
-31
Let l(g) = g**2 - 3*g - 2. Determine l(4).
2
Let a(j) = -j**2 + 21*j + 33. Give a(22).
11
Let f(u) = -104*u + 309. What is f(3)?
-3
Let r(h) = -h**3 + 28*h**2 - 54*h + 48. Determine r(26).
-4
Let k(y) = -y**3 - 14*y**2 + 58*y + 112. Calculate k(-17).
-7
Let p(r) = -r**3 - 34*r**2 - 2*r - 76. What is p(-34)?
-8
Let o(i) = -i**2 - 38*i - 84. Determine o(-34).
52
Let h(k) = -k**3 + 6*k**2 - 5*k - 2. Calculate h(6).
-32
Let j(c) = c + 5. What is j(-11)?
-6
Let f(n) = -n**2 - 12*n - 31. Give f(-5).
4
Let q(v) = -v**2 + 6*v - 11. Determine q(5).
-6
Let u(m) = 11*m - 31. Calculate u(3).
2
Let u(r) = 2*r**3 - 2*r**2 - 1. Give u(-2).
-25
Let v(c) = 7*c**3 - c + 1. Calculate v(1).
7
Let p(i) = -i**3 - 10*i**2 + 2*i + 16. What is p(-10)?
-4
Let y(a) = -a**3 + 16*a**2 + 31*a + 96. Calculate y(18).
6
Let l(b) = 2*b**2 - 2*b - 4. What is l(-4)?
36
Let p(s) = 3*s - 19. What is p(8)?
5
Let y(h) = -h**2 - 8*h - 14. Give y(-6).
-2
Let y(c) = -8*c - 6. Give y(3).
-30
Let f(n) = -6*n + 38. Give f(4).
14
Let x(z) = z**3 + 18*z**2 - 41*z - 15. What is x(-20)?
5
Let w(j) = -2*j**3 + 5*j**2 + 24*j - 4. Determine w(-3).
23
Let x(m) = 5*m**3 - 18*m**2 + m - 2. Determine x(4).
34
Let o(s) = -20*s. Determine o(-2).
40
Let g(s) = -2*s**3 + 2*s - 2. What is g(2)?
-14
Let n(w) = w**3 + 6*w**2 + 4*w - 9. What is n(-4)?
7
Let b(z) = 4*z - 4. Determine b(6).
20
Let r(w) = w**2 - 13*w - 39. Determine r(-3).
9
Let f(g) = 14*g - 72. Determine f(5).
-2
Let l(c) = -85*c - 596. Give l(-7).
-1
Let b(a) = a**3 - 12*a**2 + a - 17. Determine b(12).
-5
Let u(f) = 3*f - 25. What is u(10)?
5
Let u(g) = 2*g + 7. Determine u(0).
7
Let s(p) = -p**3 + 8*p**2 - 4*p + 1. Calculate s(7).
22
Let x(a) = -a**3 - 14*a**2 - 12*a + 16. What is x(-13)?
3
Let v(l) = -l**2 + 4*l + 42. Determine v(-5).
-3
Let v(b) = 2*b - 38. Determine v(27).
16
Let q(s) = -s**3 - 3*s + 1. Give q(2).
-13
Let v(t) = t**3 + 5*t**2 - 6*t - 5. What is v(-7)?
-61
Let u(n) = -19*n + 3. Determine u(1).
-16
Let w(q) = q**3 + q**2 + 2*q + 20. Give w(0).
20
Let w(x) = -x**2 - 2*x - 2. Determine w(-3).
-5
Let c(o) = -40*o + 10. Give c(4).
-150
Let l(a) = -8*a**2 + 2*a - 1. What is l(2)?
-29
Let w(o) = -o**3 + 6*o**2 - o + 23. What is w(6)?
17
Let m(w) = w - 7. What is m(0)?
-7
Let f(g) = -g**3 + 2*g**2 + 2*g - 1. Determine f(-1).
0
Let h(p) = -p**3 + p**2 - p - 14. Determine h(0).
-14
Let t(s) = 2*s**3 - 9*s**2 + 3*s + 14. Give t(4).
10
Let u(y) = -6*y**2 - y - 2. Determine u(-2).
-24
Let g(f) = 6*f**2 - 4*f + 1. Determine g(2).
17
Let o(a) = a**3 + 7*a**2 - 8*a + 7. Give o(-8).
7
Let t(j) = 2*j - 9. Calculate t(0).
-9
Let f(l) = -4*l - 77. Give f(-14).
-21
Let b(q) = 3*q**3 + 8*q + 12. What is b(-2)?
-28
Let j(b) = 9*b**3 - b**2 + b + 1. Give j(-1).
-10
Let c(u) = -11*u + 123. Determine c(10).
13
Let q(g) = -g**3 - 8*g**2 - 3*g + 9. Determine q(-7).
-19
Let q(o) = 9*o - 21. Give q(0).
-21
Let b(p) = p + 7. Give b(0).
7
Let s(f) = 7*f + 3. Determine s(-2).
-11
Let r(o) = -14*o - 75. Give r(-4).
-19
Let x(t) = t**3 - 4*t**2 - 13*t + 10. Calculate x(6).
4
Let y(x) = -4*x - 33. Give y(-10).
7
Let m(f) = -4*f**2 + 5*f + 7. What is m(-2)?
-19
Let s(k) = 54*k + 167. Give s(-3).
5
Let o(n) = 12*n - 111. Determine o(12).
33
Let a(k) = 2*k**2 - 21*k - 29. What is a(12)?
7
Let k(p) = 12*p + 160. Give k(-11).
28
Let h(r) = r**3 + 2*r**2 + 5*r + 10. Determine h(-3).
-14
Let k(m) = -3*m - 72. Determine k(-24).
0
Let x(l) = -99*l - 186. What is x(-2)?
12
Let i(d) = d + 1. What is i(2)?
3
Let i(z) = -z**3 - 12*z**2 - 12*z - 24. What is i(-11)?
-13
Let k(g) = -g**2 + 10*g - 23. Give k(11).
-34
Let t(b) = b - 49. Calculate t(48).
-1
Let y(k) = k**3 - 4*k**2 + 2*k. Determine y(4).
8
Let h(k) = 32*k + 69. Determine h(-2).
5
Let u(j) = 15*j + 14. Give u(-4).
-46
Let j(s) = -3*s + 85. What is j(19)?
28
Let c(j) = -12*j. Give c(1).
-12
Let y(c) = -c**2 + 18. Give y(0).
18
Let p(t) = -t**3 - 5*t**2 - 4*t - 24. Determine p(-5).
-4
Let b(o) = -o**2 - 12*o - 6. Determine b(-10).
14
Let q(h) = -14*h - 61. Give q(-4).
-5
Let n(v) = 14*v + 132. What is n(-12)?
-36
Let k(z) = z**3 - 12*z**2 + 10*z + 4. Give k(11).
-7
Let x(u) = -u**2 - 3*u - 2. Give x(-5).
-12
Let r(i) = -i**2 - 14*i - 18. What is r(-10)?
22
Let q(h) = -h**2 + 6*h + 38. Calculate q(-6).
-34
Let j(q) = q**3 + 12*q**2 - 14*q + 16. What is j(-13)?
29
Let r(m) = -2*m**2 + 22*m - 7. Determine r(11).
-7
Let b(k) = k**2 - 19*k - 22. Give b(10).
-112
Let g(r) = -32*r - 106. Give g(-4).
22
Let b(q) = q**2 - 7*q + 3. What is b(5)?
-7
Let u(a) = 55*a**3 - a**2 + a. Give u(1).
55
Let s(v) = 17*v - 33. Calculate s(2).
1
Let z(f) = -13*f**3 - 7*f**2 - 2*f + 2. Determine z(-2).
82
Let g(w) = -w + 2. What is g(4)?
-2
Let v(r) = -164*r**2 + r + 1. Give v(-1).
-164
Let n(w) = w**3 + 8*w**2 + 7*w - 1. Give n(-7).
-1
Let o(h) = h**2 + 8*h - 4. Give o(-11).
29
Let s(w) = w**3 + 5*w**2 - 7*w - 4. Calculate s(-6).
2
Let w(m) = -m**3 + 3*m**2 - 4*m + 1. What is w(3)?
-11
Let n(b) = b**2 + 15*b - 19. Calculate n(-16).
-3
Let k(n) = -6*n - 5. What is k(-4)?
19
Let s(n) = n**3 + 2*n**2 - 6*n - 4. What is s(-4)?
-12
Let z(c) = -c**2 + 15*c + 500. Give z(31).
4
Let s(c) = -c**3 + 10*c**2 - 12*c + 22. What is s(9)?
-5
Let b(t) = -t**3 - 23*t**2 + 5*t + 88. Calculate b(-23).
-27
Let q(y) = -y**3 - 5*y**2 + 4*y + 3. Determine q(-4).
-29
Let w(h) = h**3 - 9*h**2 + 16*h + 1. Give w(7).
15
Let u(j) = j**3 - 30*j**2 - j - 49. Determine u(30).
-79
Let x(b) = 5*b + 